{"id":2611,"date":"2023-03-01T14:52:36","date_gmt":"2023-03-01T13:52:36","guid":{"rendered":"https:\/\/www.club-ateliers-artistes.com\/?page_id=2611"},"modified":"2026-01-02T15:22:21","modified_gmt":"2026-01-02T14:22:21","slug":"salon-du-petit-format-ete-2023","status":"publish","type":"page","link":"https:\/\/www.club-ateliers-artistes.com\/?page_id=2611","title":{"rendered":"Salon du petit format &#8211; Printemps &#8211; \u00c9t\u00e9 2026"},"content":{"rendered":"<p style=\"text-align: justify;\">Le Club des Ateliers d\u2019Artistes propose une formule d\u2019exposition d\u2019oeuvres de petit format au printemps et \u00e0 l&rsquo;\u00e9t\u00e9 2026 pour des sessions de 2 \u00e0 3 semaines. C&rsquo;est une p\u00e9riode tr\u00e8s anim\u00e9e dans cette ville qui vit toute l&rsquo;ann\u00e9e.<\/p>\n<p style=\"text-align: justify;\">La premi\u00e8re formule comprend l\u2019ensemble des frais d\u2019exposition, d\u2019accrochage et de vernissage. La seconde formule propose en outre la prise de vue professionnelle de vos oeuvres et leur installation pour un an sur le site de vente en ligne international ARTSPER.COM qui a repr\u00e9sent\u00e9 en 2025 plus de 60 % de nos ventes.<\/p>\n<p style=\"text-align: center;\"><img loading=\"lazy\" decoding=\"async\" class=\"aligncenter size-full wp-image-1577\" src=\"https:\/\/www.club-ateliers-artistes.com\/wp-content\/uploads\/2017\/03\/GalerieLaBaule.jpg\" alt=\"\" width=\"683\" height=\"168\" srcset=\"https:\/\/www.club-ateliers-artistes.com\/wp-content\/uploads\/2017\/03\/GalerieLaBaule.jpg 683w, https:\/\/www.club-ateliers-artistes.com\/wp-content\/uploads\/2017\/03\/GalerieLaBaule-300x74.jpg 300w\" sizes=\"auto, (max-width: 683px) 100vw, 683px\" \/><\/p>\n<p><img loading=\"lazy\" decoding=\"async\" class=\"alignnone size-full wp-image-2654\" src=\"https:\/\/www.club-ateliers-artistes.com\/wp-content\/uploads\/2023\/04\/Petits-Formats-Pano1.jpeg\" alt=\"\" width=\"1024\" height=\"296\" srcset=\"https:\/\/www.club-ateliers-artistes.com\/wp-content\/uploads\/2023\/04\/Petits-Formats-Pano1.jpeg 1024w, https:\/\/www.club-ateliers-artistes.com\/wp-content\/uploads\/2023\/04\/Petits-Formats-Pano1-300x87.jpeg 300w, https:\/\/www.club-ateliers-artistes.com\/wp-content\/uploads\/2023\/04\/Petits-Formats-Pano1-768x222.jpeg 768w\" sizes=\"auto, (max-width: 1024px) 100vw, 1024px\" \/><\/p>\n<p><strong>Pour recevoir un dossier d&rsquo;informations ainsi que les conditions d&rsquo;inscription pour cette op\u00e9ration, merci de remplir le formulaire ci-dessous.<\/strong><\/p>\n<p style=\"text-align: center;\">\n<!-- iframe plugin v.6.0 wordpress.org\/plugins\/iframe\/ -->\n<iframe loading=\"lazy\" width=\"600\" height=\"560\" src=\"https:\/\/www.club-ateliers-artistes.com\/wp-content\/uploads\/2023\/03\/form_ETE_PetitFormats.htm\" scrolling=\"yes\" class=\"iframe-class\" frameborder=\"0\"><\/iframe>\n<\/p>\n","protected":false},"excerpt":{"rendered":"<p>Le Club des Ateliers d\u2019Artistes propose une formule d\u2019exposition d\u2019oeuvres de petit format au printemps et \u00e0 l&rsquo;\u00e9t\u00e9 2026 pour des sessions de 2 \u00e0 3 semaines. C&rsquo;est une p\u00e9riode tr\u00e8s anim\u00e9e dans cette ville qui vit toute l&rsquo;ann\u00e9e. La &hellip; <a href=\"https:\/\/www.club-ateliers-artistes.com\/?page_id=2611\">Continuer la lecture <span class=\"meta-nav\">&rarr;<\/span><\/a><\/p>\n","protected":false},"author":5,"featured_media":0,"parent":0,"menu_order":0,"comment_status":"closed","ping_status":"closed","template":"","meta":{"footnotes":""},"class_list":["post-2611","page","type-page","status-publish","hentry"],"yoast_head":"<!-- This site is optimized with the Yoast SEO plugin v27.3 - https:\/\/yoast.com\/product\/yoast-seo-wordpress\/ -->\n<title>Salon du petit format - Printemps - \u00c9t\u00e9 2026 - Le Club des Ateliers d&#039;artistes<\/title>\n<meta name=\"robots\" content=\"index, follow, max-snippet:-1, max-image-preview:large, max-video-preview:-1\" \/>\n<link rel=\"canonical\" href=\"https:\/\/www.club-ateliers-artistes.com\/?page_id=2611\" \/>\n<meta property=\"og:locale\" content=\"fr_FR\" \/>\n<meta property=\"og:type\" content=\"article\" \/>\n<meta property=\"og:title\" content=\"Salon du petit format - Printemps - \u00c9t\u00e9 2026 - Le Club des Ateliers d&#039;artistes\" \/>\n<meta property=\"og:description\" content=\"Le Club des Ateliers d\u2019Artistes propose une formule d\u2019exposition d\u2019oeuvres de petit format au printemps et \u00e0 l&rsquo;\u00e9t\u00e9 2026 pour des sessions de 2 \u00e0 3 semaines. C&rsquo;est une p\u00e9riode tr\u00e8s anim\u00e9e dans cette ville qui vit toute l&rsquo;ann\u00e9e. La &hellip; Continuer la lecture &rarr;\" \/>\n<meta property=\"og:url\" content=\"https:\/\/www.club-ateliers-artistes.com\/?page_id=2611\" \/>\n<meta property=\"og:site_name\" content=\"Le Club des Ateliers d&#039;artistes\" \/>\n<meta property=\"article:modified_time\" content=\"2026-01-02T14:22:21+00:00\" \/>\n<meta property=\"og:image\" content=\"https:\/\/www.club-ateliers-artistes.com\/wp-content\/uploads\/2017\/03\/GalerieLaBaule.jpg\" \/>\n\t<meta property=\"og:image:width\" content=\"683\" \/>\n\t<meta property=\"og:image:height\" content=\"168\" \/>\n\t<meta property=\"og:image:type\" content=\"image\/jpeg\" \/>\n<meta name=\"twitter:card\" content=\"summary_large_image\" \/>\n<meta name=\"twitter:label1\" content=\"Dur\u00e9e de lecture estim\u00e9e\" \/>\n\t<meta name=\"twitter:data1\" content=\"1 minute\" \/>\n<script type=\"application\/ld+json\" class=\"yoast-schema-graph\">{\"@context\":\"https:\\\/\\\/schema.org\",\"@graph\":[{\"@type\":\"WebPage\",\"@id\":\"https:\\\/\\\/www.club-ateliers-artistes.com\\\/?page_id=2611\",\"url\":\"https:\\\/\\\/www.club-ateliers-artistes.com\\\/?page_id=2611\",\"name\":\"Salon du petit format - Printemps - \u00c9t\u00e9 2026 - Le Club des Ateliers d&#039;artistes\",\"isPartOf\":{\"@id\":\"https:\\\/\\\/www.club-ateliers-artistes.com\\\/#website\"},\"primaryImageOfPage\":{\"@id\":\"https:\\\/\\\/www.club-ateliers-artistes.com\\\/?page_id=2611#primaryimage\"},\"image\":{\"@id\":\"https:\\\/\\\/www.club-ateliers-artistes.com\\\/?page_id=2611#primaryimage\"},\"thumbnailUrl\":\"https:\\\/\\\/www.club-ateliers-artistes.com\\\/wp-content\\\/uploads\\\/2017\\\/03\\\/GalerieLaBaule.jpg\",\"datePublished\":\"2023-03-01T13:52:36+00:00\",\"dateModified\":\"2026-01-02T14:22:21+00:00\",\"breadcrumb\":{\"@id\":\"https:\\\/\\\/www.club-ateliers-artistes.com\\\/?page_id=2611#breadcrumb\"},\"inLanguage\":\"fr-FR\",\"potentialAction\":[{\"@type\":\"ReadAction\",\"target\":[\"https:\\\/\\\/www.club-ateliers-artistes.com\\\/?page_id=2611\"]}]},{\"@type\":\"ImageObject\",\"inLanguage\":\"fr-FR\",\"@id\":\"https:\\\/\\\/www.club-ateliers-artistes.com\\\/?page_id=2611#primaryimage\",\"url\":\"https:\\\/\\\/www.club-ateliers-artistes.com\\\/wp-content\\\/uploads\\\/2017\\\/03\\\/GalerieLaBaule.jpg\",\"contentUrl\":\"https:\\\/\\\/www.club-ateliers-artistes.com\\\/wp-content\\\/uploads\\\/2017\\\/03\\\/GalerieLaBaule.jpg\",\"width\":683,\"height\":168},{\"@type\":\"BreadcrumbList\",\"@id\":\"https:\\\/\\\/www.club-ateliers-artistes.com\\\/?page_id=2611#breadcrumb\",\"itemListElement\":[{\"@type\":\"ListItem\",\"position\":1,\"name\":\"Accueil\",\"item\":\"https:\\\/\\\/www.club-ateliers-artistes.com\\\/\"},{\"@type\":\"ListItem\",\"position\":2,\"name\":\"Salon du petit format &#8211; Printemps &#8211; \u00c9t\u00e9 2026\"}]},{\"@type\":\"WebSite\",\"@id\":\"https:\\\/\\\/www.club-ateliers-artistes.com\\\/#website\",\"url\":\"https:\\\/\\\/www.club-ateliers-artistes.com\\\/\",\"name\":\"Le Club des Ateliers d&#039;artistes\",\"description\":\"Les Expositions Abordables\",\"potentialAction\":[{\"@type\":\"SearchAction\",\"target\":{\"@type\":\"EntryPoint\",\"urlTemplate\":\"https:\\\/\\\/www.club-ateliers-artistes.com\\\/?s={search_term_string}\"},\"query-input\":{\"@type\":\"PropertyValueSpecification\",\"valueRequired\":true,\"valueName\":\"search_term_string\"}}],\"inLanguage\":\"fr-FR\"}]}<\/script>\n<!-- \/ Yoast SEO plugin. -->","yoast_head_json":{"title":"Salon du petit format - Printemps - \u00c9t\u00e9 2026 - Le Club des Ateliers d&#039;artistes","robots":{"index":"index","follow":"follow","max-snippet":"max-snippet:-1","max-image-preview":"max-image-preview:large","max-video-preview":"max-video-preview:-1"},"canonical":"https:\/\/www.club-ateliers-artistes.com\/?page_id=2611","og_locale":"fr_FR","og_type":"article","og_title":"Salon du petit format - Printemps - \u00c9t\u00e9 2026 - Le Club des Ateliers d&#039;artistes","og_description":"Le Club des Ateliers d\u2019Artistes propose une formule d\u2019exposition d\u2019oeuvres de petit format au printemps et \u00e0 l&rsquo;\u00e9t\u00e9 2026 pour des sessions de 2 \u00e0 3 semaines. C&rsquo;est une p\u00e9riode tr\u00e8s anim\u00e9e dans cette ville qui vit toute l&rsquo;ann\u00e9e. La &hellip; Continuer la lecture &rarr;","og_url":"https:\/\/www.club-ateliers-artistes.com\/?page_id=2611","og_site_name":"Le Club des Ateliers d&#039;artistes","article_modified_time":"2026-01-02T14:22:21+00:00","og_image":[{"width":683,"height":168,"url":"https:\/\/www.club-ateliers-artistes.com\/wp-content\/uploads\/2017\/03\/GalerieLaBaule.jpg","type":"image\/jpeg"}],"twitter_card":"summary_large_image","twitter_misc":{"Dur\u00e9e de lecture estim\u00e9e":"1 minute"},"schema":{"@context":"https:\/\/schema.org","@graph":[{"@type":"WebPage","@id":"https:\/\/www.club-ateliers-artistes.com\/?page_id=2611","url":"https:\/\/www.club-ateliers-artistes.com\/?page_id=2611","name":"Salon du petit format - Printemps - \u00c9t\u00e9 2026 - Le Club des Ateliers d&#039;artistes","isPartOf":{"@id":"https:\/\/www.club-ateliers-artistes.com\/#website"},"primaryImageOfPage":{"@id":"https:\/\/www.club-ateliers-artistes.com\/?page_id=2611#primaryimage"},"image":{"@id":"https:\/\/www.club-ateliers-artistes.com\/?page_id=2611#primaryimage"},"thumbnailUrl":"https:\/\/www.club-ateliers-artistes.com\/wp-content\/uploads\/2017\/03\/GalerieLaBaule.jpg","datePublished":"2023-03-01T13:52:36+00:00","dateModified":"2026-01-02T14:22:21+00:00","breadcrumb":{"@id":"https:\/\/www.club-ateliers-artistes.com\/?page_id=2611#breadcrumb"},"inLanguage":"fr-FR","potentialAction":[{"@type":"ReadAction","target":["https:\/\/www.club-ateliers-artistes.com\/?page_id=2611"]}]},{"@type":"ImageObject","inLanguage":"fr-FR","@id":"https:\/\/www.club-ateliers-artistes.com\/?page_id=2611#primaryimage","url":"https:\/\/www.club-ateliers-artistes.com\/wp-content\/uploads\/2017\/03\/GalerieLaBaule.jpg","contentUrl":"https:\/\/www.club-ateliers-artistes.com\/wp-content\/uploads\/2017\/03\/GalerieLaBaule.jpg","width":683,"height":168},{"@type":"BreadcrumbList","@id":"https:\/\/www.club-ateliers-artistes.com\/?page_id=2611#breadcrumb","itemListElement":[{"@type":"ListItem","position":1,"name":"Accueil","item":"https:\/\/www.club-ateliers-artistes.com\/"},{"@type":"ListItem","position":2,"name":"Salon du petit format &#8211; Printemps &#8211; \u00c9t\u00e9 2026"}]},{"@type":"WebSite","@id":"https:\/\/www.club-ateliers-artistes.com\/#website","url":"https:\/\/www.club-ateliers-artistes.com\/","name":"Le Club des Ateliers d&#039;artistes","description":"Les Expositions Abordables","potentialAction":[{"@type":"SearchAction","target":{"@type":"EntryPoint","urlTemplate":"https:\/\/www.club-ateliers-artistes.com\/?s={search_term_string}"},"query-input":{"@type":"PropertyValueSpecification","valueRequired":true,"valueName":"search_term_string"}}],"inLanguage":"fr-FR"}]}},"_links":{"self":[{"href":"https:\/\/www.club-ateliers-artistes.com\/index.php?rest_route=\/wp\/v2\/pages\/2611","targetHints":{"allow":["GET"]}}],"collection":[{"href":"https:\/\/www.club-ateliers-artistes.com\/index.php?rest_route=\/wp\/v2\/pages"}],"about":[{"href":"https:\/\/www.club-ateliers-artistes.com\/index.php?rest_route=\/wp\/v2\/types\/page"}],"author":[{"embeddable":true,"href":"https:\/\/www.club-ateliers-artistes.com\/index.php?rest_route=\/wp\/v2\/users\/5"}],"replies":[{"embeddable":true,"href":"https:\/\/www.club-ateliers-artistes.com\/index.php?rest_route=%2Fwp%2Fv2%2Fcomments&post=2611"}],"version-history":[{"count":17,"href":"https:\/\/www.club-ateliers-artistes.com\/index.php?rest_route=\/wp\/v2\/pages\/2611\/revisions"}],"predecessor-version":[{"id":2755,"href":"https:\/\/www.club-ateliers-artistes.com\/index.php?rest_route=\/wp\/v2\/pages\/2611\/revisions\/2755"}],"wp:attachment":[{"href":"https:\/\/www.club-ateliers-artistes.com\/index.php?rest_route=%2Fwp%2Fv2%2Fmedia&parent=2611"}],"curies":[{"name":"wp","href":"https:\/\/api.w.org\/{rel}","templated":true}]}}