{"id":2148,"date":"2018-01-31T12:15:02","date_gmt":"2018-01-31T11:15:02","guid":{"rendered":"http:\/\/www.club-ateliers-artistes.com\/?page_id=2148"},"modified":"2024-03-16T14:30:40","modified_gmt":"2024-03-16T13:30:40","slug":"presentation-de-la-galerie-de-la-baule-en-video","status":"publish","type":"page","link":"https:\/\/www.club-ateliers-artistes.com\/?page_id=2148","title":{"rendered":"Pr\u00e9sentation de la Galerie de La BAULE en vid\u00e9o"},"content":{"rendered":"<p style=\"text-align: center;\"><strong>Vid\u00e9o r\u00e9alis\u00e9e le 28 janvier 2018<\/strong><\/p>\n<p style=\"text-align: center;\">\n<!-- iframe plugin v.6.0 wordpress.org\/plugins\/iframe\/ -->\n<iframe loading=\"lazy\" width=\"690\" height=\"390\" src=\"https:\/\/www.youtube.com\/embed\/7aAJr3vea-U\" scrolling=\"yes\" class=\"iframe-class\" frameborder=\"0\"><\/iframe>\n<\/p>\n<p style=\"text-align: center;\">Voir la vid\u00e9o en pleine page\u00a0\u00a0<a href=\"https:\/\/www.youtube.com\/watch?v=7aAJr3vea-U\">https:\/\/www.youtube.com\/watch?v=7aAJr3vea-U<\/a><\/p>\n<p style=\"text-align: center;\">R\u00e9alisation technique : S\u00e9bastien Sauvan-Magnet<\/p>\n<p style=\"text-align: center;\"><a href=\"https:\/\/www.sauvan-magnet.fr\/\">Philippe Sauvan-Magnet<\/a><\/p>\n<p style=\"text-align: center;\">\n","protected":false},"excerpt":{"rendered":"<p>Vid\u00e9o r\u00e9alis\u00e9e le 28 janvier 2018 Voir la vid\u00e9o en pleine page\u00a0\u00a0https:\/\/www.youtube.com\/watch?v=7aAJr3vea-U R\u00e9alisation technique : S\u00e9bastien Sauvan-Magnet Philippe Sauvan-Magnet<\/p>\n","protected":false},"author":6,"featured_media":0,"parent":0,"menu_order":0,"comment_status":"closed","ping_status":"closed","template":"","meta":{"footnotes":""},"class_list":["post-2148","page","type-page","status-publish","hentry"],"yoast_head":"<!-- This site is optimized with the Yoast SEO plugin v27.4 - https:\/\/yoast.com\/product\/yoast-seo-wordpress\/ -->\n<title>Pr\u00e9sentation de la Galerie de La BAULE en vid\u00e9o - Le Club des Ateliers d&#039;artistes<\/title>\n<meta name=\"robots\" content=\"index, follow, max-snippet:-1, max-image-preview:large, max-video-preview:-1\" \/>\n<link rel=\"canonical\" href=\"https:\/\/www.club-ateliers-artistes.com\/?page_id=2148\" \/>\n<meta property=\"og:locale\" content=\"fr_FR\" \/>\n<meta property=\"og:type\" content=\"article\" \/>\n<meta property=\"og:title\" content=\"Pr\u00e9sentation de la Galerie de La BAULE en vid\u00e9o - Le Club des Ateliers d&#039;artistes\" \/>\n<meta property=\"og:description\" content=\"Vid\u00e9o r\u00e9alis\u00e9e le 28 janvier 2018 Voir la vid\u00e9o en pleine page\u00a0\u00a0https:\/\/www.youtube.com\/watch?v=7aAJr3vea-U R\u00e9alisation technique : S\u00e9bastien Sauvan-Magnet Philippe Sauvan-Magnet\" \/>\n<meta property=\"og:url\" content=\"https:\/\/www.club-ateliers-artistes.com\/?page_id=2148\" \/>\n<meta property=\"og:site_name\" content=\"Le Club des Ateliers d&#039;artistes\" \/>\n<meta property=\"article:modified_time\" content=\"2024-03-16T13:30:40+00:00\" \/>\n<meta name=\"twitter:card\" content=\"summary_large_image\" \/>\n<meta name=\"twitter:label1\" content=\"Dur\u00e9e de lecture estim\u00e9e\" \/>\n\t<meta name=\"twitter:data1\" content=\"1 minute\" \/>\n<script type=\"application\/ld+json\" class=\"yoast-schema-graph\">{\"@context\":\"https:\\\/\\\/schema.org\",\"@graph\":[{\"@type\":\"WebPage\",\"@id\":\"https:\\\/\\\/www.club-ateliers-artistes.com\\\/?page_id=2148\",\"url\":\"https:\\\/\\\/www.club-ateliers-artistes.com\\\/?page_id=2148\",\"name\":\"Pr\u00e9sentation de la Galerie de La BAULE en vid\u00e9o - Le Club des Ateliers d&#039;artistes\",\"isPartOf\":{\"@id\":\"https:\\\/\\\/www.club-ateliers-artistes.com\\\/#website\"},\"datePublished\":\"2018-01-31T11:15:02+00:00\",\"dateModified\":\"2024-03-16T13:30:40+00:00\",\"breadcrumb\":{\"@id\":\"https:\\\/\\\/www.club-ateliers-artistes.com\\\/?page_id=2148#breadcrumb\"},\"inLanguage\":\"fr-FR\",\"potentialAction\":[{\"@type\":\"ReadAction\",\"target\":[\"https:\\\/\\\/www.club-ateliers-artistes.com\\\/?page_id=2148\"]}]},{\"@type\":\"BreadcrumbList\",\"@id\":\"https:\\\/\\\/www.club-ateliers-artistes.com\\\/?page_id=2148#breadcrumb\",\"itemListElement\":[{\"@type\":\"ListItem\",\"position\":1,\"name\":\"Accueil\",\"item\":\"https:\\\/\\\/www.club-ateliers-artistes.com\\\/\"},{\"@type\":\"ListItem\",\"position\":2,\"name\":\"Pr\u00e9sentation de la Galerie de La BAULE en vid\u00e9o\"}]},{\"@type\":\"WebSite\",\"@id\":\"https:\\\/\\\/www.club-ateliers-artistes.com\\\/#website\",\"url\":\"https:\\\/\\\/www.club-ateliers-artistes.com\\\/\",\"name\":\"Le Club des Ateliers d&#039;artistes\",\"description\":\"Les Expositions Abordables\",\"potentialAction\":[{\"@type\":\"SearchAction\",\"target\":{\"@type\":\"EntryPoint\",\"urlTemplate\":\"https:\\\/\\\/www.club-ateliers-artistes.com\\\/?s={search_term_string}\"},\"query-input\":{\"@type\":\"PropertyValueSpecification\",\"valueRequired\":true,\"valueName\":\"search_term_string\"}}],\"inLanguage\":\"fr-FR\"}]}<\/script>\n<!-- \/ Yoast SEO plugin. -->","yoast_head_json":{"title":"Pr\u00e9sentation de la Galerie de La BAULE en vid\u00e9o - Le Club des Ateliers d&#039;artistes","robots":{"index":"index","follow":"follow","max-snippet":"max-snippet:-1","max-image-preview":"max-image-preview:large","max-video-preview":"max-video-preview:-1"},"canonical":"https:\/\/www.club-ateliers-artistes.com\/?page_id=2148","og_locale":"fr_FR","og_type":"article","og_title":"Pr\u00e9sentation de la Galerie de La BAULE en vid\u00e9o - Le Club des Ateliers d&#039;artistes","og_description":"Vid\u00e9o r\u00e9alis\u00e9e le 28 janvier 2018 Voir la vid\u00e9o en pleine page\u00a0\u00a0https:\/\/www.youtube.com\/watch?v=7aAJr3vea-U R\u00e9alisation technique : S\u00e9bastien Sauvan-Magnet Philippe Sauvan-Magnet","og_url":"https:\/\/www.club-ateliers-artistes.com\/?page_id=2148","og_site_name":"Le Club des Ateliers d&#039;artistes","article_modified_time":"2024-03-16T13:30:40+00:00","twitter_card":"summary_large_image","twitter_misc":{"Dur\u00e9e de lecture estim\u00e9e":"1 minute"},"schema":{"@context":"https:\/\/schema.org","@graph":[{"@type":"WebPage","@id":"https:\/\/www.club-ateliers-artistes.com\/?page_id=2148","url":"https:\/\/www.club-ateliers-artistes.com\/?page_id=2148","name":"Pr\u00e9sentation de la Galerie de La BAULE en vid\u00e9o - Le Club des Ateliers d&#039;artistes","isPartOf":{"@id":"https:\/\/www.club-ateliers-artistes.com\/#website"},"datePublished":"2018-01-31T11:15:02+00:00","dateModified":"2024-03-16T13:30:40+00:00","breadcrumb":{"@id":"https:\/\/www.club-ateliers-artistes.com\/?page_id=2148#breadcrumb"},"inLanguage":"fr-FR","potentialAction":[{"@type":"ReadAction","target":["https:\/\/www.club-ateliers-artistes.com\/?page_id=2148"]}]},{"@type":"BreadcrumbList","@id":"https:\/\/www.club-ateliers-artistes.com\/?page_id=2148#breadcrumb","itemListElement":[{"@type":"ListItem","position":1,"name":"Accueil","item":"https:\/\/www.club-ateliers-artistes.com\/"},{"@type":"ListItem","position":2,"name":"Pr\u00e9sentation de la Galerie de La BAULE en vid\u00e9o"}]},{"@type":"WebSite","@id":"https:\/\/www.club-ateliers-artistes.com\/#website","url":"https:\/\/www.club-ateliers-artistes.com\/","name":"Le Club des Ateliers d&#039;artistes","description":"Les Expositions Abordables","potentialAction":[{"@type":"SearchAction","target":{"@type":"EntryPoint","urlTemplate":"https:\/\/www.club-ateliers-artistes.com\/?s={search_term_string}"},"query-input":{"@type":"PropertyValueSpecification","valueRequired":true,"valueName":"search_term_string"}}],"inLanguage":"fr-FR"}]}},"_links":{"self":[{"href":"https:\/\/www.club-ateliers-artistes.com\/index.php?rest_route=\/wp\/v2\/pages\/2148","targetHints":{"allow":["GET"]}}],"collection":[{"href":"https:\/\/www.club-ateliers-artistes.com\/index.php?rest_route=\/wp\/v2\/pages"}],"about":[{"href":"https:\/\/www.club-ateliers-artistes.com\/index.php?rest_route=\/wp\/v2\/types\/page"}],"author":[{"embeddable":true,"href":"https:\/\/www.club-ateliers-artistes.com\/index.php?rest_route=\/wp\/v2\/users\/6"}],"replies":[{"embeddable":true,"href":"https:\/\/www.club-ateliers-artistes.com\/index.php?rest_route=%2Fwp%2Fv2%2Fcomments&post=2148"}],"version-history":[{"count":6,"href":"https:\/\/www.club-ateliers-artistes.com\/index.php?rest_route=\/wp\/v2\/pages\/2148\/revisions"}],"predecessor-version":[{"id":2696,"href":"https:\/\/www.club-ateliers-artistes.com\/index.php?rest_route=\/wp\/v2\/pages\/2148\/revisions\/2696"}],"wp:attachment":[{"href":"https:\/\/www.club-ateliers-artistes.com\/index.php?rest_route=%2Fwp%2Fv2%2Fmedia&parent=2148"}],"curies":[{"name":"wp","href":"https:\/\/api.w.org\/{rel}","templated":true}]}}