{"id":1942,"date":"2017-09-03T11:48:02","date_gmt":"2017-09-03T10:48:02","guid":{"rendered":"http:\/\/www.club-ateliers-artistes.com\/?page_id=1942"},"modified":"2024-09-19T09:28:31","modified_gmt":"2024-09-19T08:28:31","slug":"ils-ont-vendu-grace-au-club-des-ateliers-dartistes","status":"publish","type":"page","link":"https:\/\/www.club-ateliers-artistes.com\/?page_id=1942","title":{"rendered":"Ils ont vendu gr\u00e2ce au Club des Ateliers d&rsquo;Artistes"},"content":{"rendered":"<p style=\"text-align: justify;\">Une exposition est l&rsquo;occasion pour un artiste de confronter son travail au regard du public. Nous mettons un soin particulier \u00e0 recueillir le sentiment et les \u00e9motions des visiteurs pour vous en faire un rapport en fin d&rsquo;exposition. Et bien s\u00fbr de vous informer des ventes dans les meilleurs d\u00e9lais, et de vous r\u00e9gler sous un d\u00e9lai maximum de une semaine.<\/p>\n<h3><strong>Ils ont vendu gr\u00e2ce au Club des Ateliers d&rsquo;Artistes<\/strong><\/h3>\n<table class=\" aligncenter\" style=\"width: 90%;\">\n<tbody>\n<tr>\n<td style=\"text-align: justify; width: 528px;\"><span data-sheets-value=\"{&quot;1&quot;:2,&quot;2&quot;:&quot;Laurence SCHMITTER&quot;}\" data-sheets-userformat=\"{&quot;2&quot;:12801,&quot;3&quot;:[null,0],&quot;12&quot;:0,&quot;15&quot;:&quot;Calibri&quot;,&quot;16&quot;:11}\"><span data-sheets-value=\"{&quot;1&quot;:2,&quot;2&quot;:&quot;Laurence SCHMITTER&quot;}\" data-sheets-userformat=\"{&quot;2&quot;:12801,&quot;3&quot;:[null,0],&quot;12&quot;:0,&quot;15&quot;:&quot;Calibri&quot;,&quot;16&quot;:11}\"><span data-sheets-value=\"{&quot;1&quot;:2,&quot;2&quot;:&quot;Laurence SCHMITTER&quot;}\" data-sheets-userformat=\"{&quot;2&quot;:12801,&quot;3&quot;:[null,0],&quot;12&quot;:0,&quot;15&quot;:&quot;Calibri&quot;,&quot;16&quot;:11}\"><span data-sheets-value=\"{&quot;1&quot;:2,&quot;2&quot;:&quot;Laurence SCHMITTER&quot;}\" data-sheets-userformat=\"{&quot;2&quot;:12801,&quot;3&quot;:[null,0],&quot;12&quot;:0,&quot;15&quot;:&quot;Calibri&quot;,&quot;16&quot;:11}\">Stella de BELLIGNY, Annie MADEC, Claude FREGERE, Cathy P, SANA, Gilles CANDELE, Aurore LYON, Eddy JOSSE, Laurence SCHLIMM, V\u00e9ronique BUQUEL, Pierre CONTE, Laurence LHER, Lucas PERRIGOT, Adel LEGRAFFEUR, Jean-Marc LEMASSON, Christine DROUILLARD, Elfrid AUVRAY, LUCO, Roselyne DUPETITPRE, Christine WEISS, Michel-Andr\u00e9 MARTIN, Jean-Fran\u00e7ois ZANETTE, Christine LAVOIE, HUSH, Philippe LEVEAU, Ann MORGAN, Daniel PHILIPPON, M.L CERVANTES, Nathalie COLLADOS, FRANGER, Philippe GRAS, Carl JAUNAY, Isabelle JEGO, Andisheh MOGTHADERPOUR, Nicolas PIZY, V\u00e9ronique LAFFAILLE, Claud VERGER, Marianne DENCAUSSE, St\u00e9phane LEJEUNE, Caroline DEGROISELLE, Matthieu LIBAULT, Emilie JOIN-LAMBERT, Guy ROSSET, Aline BENAIM, Catherine BERNIER, Caroline ANDRO, Isabelle JEGO, Nathalie COLLADOS, Jean-Daniel DEPARDIEU, Jacques AYEL, Vanessa De ANGELIS, Sylvie TAILHADES, Leila MIGIROV, Emilienne MOREAU-DECHELLE, Janina ROSSITER, Romy SHIRVANY, S\u00e9gol\u00e8ne MANDY, Sylvie B., Denise KEHL, Carl JAUNAY, CarlaPM, ISSOUF, Alain ABRAMATIC, St\u00e9phane LEJEUNE, Mireille BASSIER, Ariel KOBA, Francis GIROUX, Denise KEHL, Marie-Claude BOSC-DEPRETZ, Sophie HACQUART, Cristina ARTES-CLIMENT, Jo\u00ebl NAAR, Marie-Claude BOSC-DEPRETZ, Evelyne PORTAL, St\u00e9phane DUGIED, Jacques FAUGEROUX, Elfrid AUVRAY, Ann MORGAN, Anne SCANDELLA, Marianne DENSAUSSE, Rob DEVACHAN, Louis GAGEZ, Sophie HACQUART, Philippe RENAUD, GILT, Ariel KOBA, Antoine PAUTHE, Dominig LE CADRE, Dominique MEUNIER, Philippe PINAUD, Isabelle ALBERGE, Ann MASSEAUT-FRANCHET, Arielle DAUCE, Lilly GATTONI, Lela MIGIROV, Isabelle TRON\u00c7ON, Karine AZOULAY, S\u00e9gol\u00e8ne MANDY, S3B DESNOS, Mah\u00e9 ROS, Fabienne AUDOUZE, Caroline DEGROISELLE, Bernard REIGNIER, Alain ABRAMATIC, Andr\u00e9-Marc SERRANO, Mady MAERIEN, Frieda MOUROUM, Jo\u00ebl JAGOT, Bertrand de VISMES, Aldina MATEUS, Marc GUYOT, Louis GAGEZ, Ann MASSEAUT-FRANCHET, Caroline ANDRO, Colette LOTTI, GILT, Alain ABRAMATIC, Andr\u00e9-Marc SERRANO, Val\u00e9rie LECLERC, Bernadette GOERGER, St\u00e9phane DUGIED, Adel LEGRAFFEUR, Yves GUILLARD, Christian DAZELLE, Claire BAUGER, GILT, Roger HIRSCH, Ann MASSEAUT-FRANCHET, Val\u00e9rie Le GUYADER, Emmanuel KIEFFER, Magali MAGNAN, Caroline ANDRO, GILT, Adel LEGRAFFEUR, NikoNico, GILT, Caroline ANDRO, Jacques FAUGEROUX, Fran\u00e7oise PIGEON, Marie AZEMA, Adel LEGRAFFEUR, Michel BURET, Magali MAGNAN, Ly-ROSE, Anne MASSEAUT-FRANCHET, Adel LEGRAFFEUR, MC Sculpture, Emmanuel KIEFFER, Adel LEGRAFFEUR, Karine AZOULAY, Monica DALMASSO, Claude ROCHER, Isabel DAVILA, Anne-Marie RENNO, Colette LOTTI, Sigrid-M, Jo\u00ebl NAAR, TITUS, Anne ROUSSEAU, Caroline ANDRO, Magali MAGNAN, Fran\u00e7oise BERTSCH, Anne MASSEAUT-FRANCHET, TANIA, Magali MAGNAN, , Michel BURET, GILT, Val\u00e9rie Le GUYADER, Caroline ANDRO, Robert COMBY, SHAFIA, Ty PRAT, LY-ROSE, Jo\u00ebl NAAR, Catherine MAUVISSEAU-BORDIN, <\/span><\/span><\/span><\/span><span data-sheets-value=\"{&quot;1&quot;:2,&quot;2&quot;:&quot;Laurence SCHMITTER&quot;}\" data-sheets-userformat=\"{&quot;2&quot;:12801,&quot;3&quot;:[null,0],&quot;12&quot;:0,&quot;15&quot;:&quot;Calibri&quot;,&quot;16&quot;:11}\"><span data-sheets-value=\"{&quot;1&quot;:2,&quot;2&quot;:&quot;Laurence SCHMITTER&quot;}\" data-sheets-userformat=\"{&quot;2&quot;:12801,&quot;3&quot;:[null,0],&quot;12&quot;:0,&quot;15&quot;:&quot;Calibri&quot;,&quot;16&quot;:11}\"><span data-sheets-value=\"{&quot;1&quot;:2,&quot;2&quot;:&quot;Laurence SCHMITTER&quot;}\" data-sheets-userformat=\"{&quot;2&quot;:12801,&quot;3&quot;:[null,0],&quot;12&quot;:0,&quot;15&quot;:&quot;Calibri&quot;,&quot;16&quot;:11}\">Laurence MORISSE, B\u00e9a HERRY, Blandine ETIENNE-KAHN, Jo\u00ebl JAGOT, Denis STRAQUADANIO, Ty PRAT, Ann MASSEAUT-FRANCHET, Griet DELEENER, Jacques FAUGEROUX, Magali MAGNAN, Blandine ETIENNE-KAHN, Dominique MEUNIER, Bernadette GOERGER, Jacques AYEL, Philippe MESSAGER, Carlos LOPES NETO, Laurence MORISSE, Catherine KHOSLA, Val\u00e9rie CUBIZOLLES, NELLISA, Ty PRAT, Valerie TERTRAIS, Fran\u00e7oise PAIN-KELFMANN, SOPHINE, MC Sculpture, CANTARANA, Alexandra ALLARD, Marie-H\u00e9l\u00e8ne PUGET, GILT, Anne ROUSSEAU, <\/span><\/span><\/span><span data-sheets-value=\"{&quot;1&quot;:2,&quot;2&quot;:&quot;Laurence SCHMITTER&quot;}\" data-sheets-userformat=\"{&quot;2&quot;:12801,&quot;3&quot;:[null,0],&quot;12&quot;:0,&quot;15&quot;:&quot;Calibri&quot;,&quot;16&quot;:11}\"><span data-sheets-value=\"{&quot;1&quot;:2,&quot;2&quot;:&quot;Laurence SCHMITTER&quot;}\" data-sheets-userformat=\"{&quot;2&quot;:12801,&quot;3&quot;:[null,0],&quot;12&quot;:0,&quot;15&quot;:&quot;Calibri&quot;,&quot;16&quot;:11}\">Marie-Paule BENOIT-BASSET, Isabel DAVILA, Christine GALATRY-HACHE, B\u00e9a HERRY,<\/span><\/span><span data-sheets-value=\"{&quot;1&quot;:2,&quot;2&quot;:&quot;Laurence SCHMITTER&quot;}\" data-sheets-userformat=\"{&quot;2&quot;:12801,&quot;3&quot;:[null,0],&quot;12&quot;:0,&quot;15&quot;:&quot;Calibri&quot;,&quot;16&quot;:11}\">Anne ROUSSEAU, Laurence ROUVIER-SCHMITTER,\u00a0Claude ROCHER, ChangZheng ZHU, Lydie DELAIGUE, Denis STRACQUADANIO, Caroline ANDRO, GILT, MANO\u00cb, Guy TERRIER, Mich\u00e8le MANSION, Eric JONQUAIS, Mich\u00e8le MANSION, Laurence SCHMITTER,\u00a0<\/span>Guy TERRIER, MC Sculpture, St\u00e9phane LEJEUNE, Chantal ROUX, Sandra POHIN, Claude LABARDE, Sylvie BESNIER, Alexandra ALLARD,\u00a0<span data-sheets-value=\"{&quot;1&quot;:2,&quot;2&quot;:&quot;Laurence SCHMITTER&quot;}\" data-sheets-userformat=\"{&quot;2&quot;:12801,&quot;3&quot;:[null,0],&quot;12&quot;:0,&quot;15&quot;:&quot;Calibri&quot;,&quot;16&quot;:11}\">Laurence SCHMITTER<\/span>,\u00a0<span data-sheets-value=\"{&quot;1&quot;:2,&quot;2&quot;:&quot;Laurence SCHMITTER&quot;}\" data-sheets-userformat=\"{&quot;2&quot;:12801,&quot;3&quot;:[null,0],&quot;12&quot;:0,&quot;15&quot;:&quot;Calibri&quot;,&quot;16&quot;:11}\">ChangZheng ZHU,\u00a0<\/span>Anne BOITEL, GILT, Nathalie CAMOIN-CHANET, Jean-Philippe LUCAS, Sandrine REVERSEAU,\u00a0<span data-sheets-value=\"{&quot;1&quot;:2,&quot;2&quot;:&quot;Laurence SCHMITTER&quot;}\" data-sheets-userformat=\"{&quot;2&quot;:12801,&quot;3&quot;:[null,0],&quot;12&quot;:0,&quot;15&quot;:&quot;Calibri&quot;,&quot;16&quot;:11}\">Caroline ANDRO,\u00a0<\/span>Elisa GODEFROID, Anne BOITEL, GILT, Lydie ALLAIRE, Fran\u00e7oise NAUD, Aldina MATEUS, Florence MICHAU, Ly-ROSE, Sandrine REVERSEAU, Fran\u00e7oise SUIN, Dani\u00e8le HEUSSLEIN-GIRE, Patricia DEBUCHY, Ly-ROSE, C\u00e9cile BOSSU, GILT, LIBERETTE, Anne de SAUVEBOEUF, Caroline ANDRO, Fran\u00e7oise VIVIER-NICOLA\u0178, Christian LEPERE, Claire MICHAULT, Guy TERRIER, SOPHINE, Marie-Claire DAUBERT, GILT, Marie-Christine GARITEY, Dani\u00e8le LEBRICQUIR, Philippe MESSAGER, Claire MICHAULT, B\u00e9atrice AGENIN, Le\u00efla GROUITCH, Jacques PALVADO, Christine PAQUEREAU, Fabienne AUDOUZE (FABIE), Ulie BREMER, B\u00e9r\u00e9nice FOURMY, Adeline WEBER, Denise FAURE de LARIVIERE, Marie ROSSETTI, G\u00e9raldine LENOGUE, Pierre SOUCHAUD, Doroth\u00e9e DELORNOIR, Anne DESFOUR, Florence KELLER, V\u00e9ronique PIRLOT, HOUEL, Caroline ANDRO, Pascale BEAULIEU, Natacha KOLSON, Roselyne CONIL, SOPHINE, Antoine MELLADO, Pierre CALOGERO, Marie-Claire NAVARRO, Kathy CAMARERRO dite CAMA, Claude MICHEL, Florence KELLER, G\u00e9raldine LENOGUE, Christine GLEN, NGUYEN Thu DUFOURMANTELLE, Adeline WEBER, Bertrand BATAILLE, Doroth\u00e9e DELORNOIR, Isabelle D&rsquo;ARBOUSSIER, Anissa BERKANI-ROHMER, NADEE, Catherine CHAUX, Roland TRUC, Aur\u00e9lie PFAADT, Catherine POULAIN, Jean-Marc BOUTON, Anne-Lise HAMMANN-JEANNOT, Daisy ARMOET, Isabelle OTTO.<\/td>\n<\/tr>\n<tr>\n<td style=\"text-align: justify; width: 528px;\"><\/td>\n<\/tr>\n<\/tbody>\n<\/table>\n<h3><strong>Des m\u00e9thodes de vente innovantes<\/strong><\/h3>\n<p style=\"text-align: justify;\">Nous traversons une p\u00e9riode de grandes difficult\u00e9s en regard de la vente des oeuvres. Tous les artistes sont confront\u00e9s \u00e0 cette r\u00e9alit\u00e9 et cherchent \u00e0 trouver des solutions personnelles pour obtenir des r\u00e9sultats.<\/p>\n<p style=\"text-align: justify;\">Le Club des Ateliers d&rsquo;Artistes, au travers de son \u00ab\u00a0Laboratoire d&rsquo;exposition\u00a0\u00bb, exp\u00e9rimente des techniques nouvelles pour favoriser l&rsquo;achat des oeuvres originales. Nous vous invitons \u00e0 \u00e9couter l&rsquo;entretien ci-dessous pour avoir un aper\u00e7u de notre approche.<\/p>\n<table class=\" aligncenter\" style=\"width: 400px; height: 700px;\">\n<tbody>\n<tr>\n<td>\n<!-- iframe plugin v.6.0 wordpress.org\/plugins\/iframe\/ -->\n<iframe loading=\"lazy\" 0=\"width=320&quot;\" height=\"680\" src=\"https:\/\/www.oeuvrequiparle.com\/iphone\/CS0801\" width=\"100%\" scrolling=\"yes\" class=\"iframe-class\" frameborder=\"0\"><\/iframe>\n<\/td>\n<\/tr>\n<\/tbody>\n<\/table>\n<p>&nbsp;<\/p>\n","protected":false},"excerpt":{"rendered":"<p>Une exposition est l&rsquo;occasion pour un artiste de confronter son travail au regard du public. Nous mettons un soin particulier \u00e0 recueillir le sentiment et les \u00e9motions des visiteurs pour vous en faire un rapport en fin d&rsquo;exposition. Et bien &hellip; <a href=\"https:\/\/www.club-ateliers-artistes.com\/?page_id=1942\">Continuer la lecture <span class=\"meta-nav\">&rarr;<\/span><\/a><\/p>\n","protected":false},"author":5,"featured_media":0,"parent":0,"menu_order":0,"comment_status":"closed","ping_status":"closed","template":"","meta":{"footnotes":""},"class_list":["post-1942","page","type-page","status-publish","hentry"],"yoast_head":"<!-- This site is optimized with the Yoast SEO plugin v27.4 - https:\/\/yoast.com\/product\/yoast-seo-wordpress\/ -->\n<title>Ils ont vendu gr\u00e2ce au Club des Ateliers d&#039;Artistes - Le Club des Ateliers d&#039;artistes<\/title>\n<meta name=\"robots\" content=\"index, follow, max-snippet:-1, max-image-preview:large, max-video-preview:-1\" \/>\n<link rel=\"canonical\" href=\"https:\/\/www.club-ateliers-artistes.com\/?page_id=1942\" \/>\n<meta property=\"og:locale\" content=\"fr_FR\" \/>\n<meta property=\"og:type\" content=\"article\" \/>\n<meta property=\"og:title\" content=\"Ils ont vendu gr\u00e2ce au Club des Ateliers d&#039;Artistes - Le Club des Ateliers d&#039;artistes\" \/>\n<meta property=\"og:description\" content=\"Une exposition est l&rsquo;occasion pour un artiste de confronter son travail au regard du public. Nous mettons un soin particulier \u00e0 recueillir le sentiment et les \u00e9motions des visiteurs pour vous en faire un rapport en fin d&rsquo;exposition. Et bien &hellip; Continuer la lecture &rarr;\" \/>\n<meta property=\"og:url\" content=\"https:\/\/www.club-ateliers-artistes.com\/?page_id=1942\" \/>\n<meta property=\"og:site_name\" content=\"Le Club des Ateliers d&#039;artistes\" \/>\n<meta property=\"article:modified_time\" content=\"2024-09-19T08:28:31+00:00\" \/>\n<meta name=\"twitter:card\" content=\"summary_large_image\" \/>\n<meta name=\"twitter:label1\" content=\"Dur\u00e9e de lecture estim\u00e9e\" \/>\n\t<meta name=\"twitter:data1\" content=\"4 minutes\" \/>\n<script type=\"application\/ld+json\" class=\"yoast-schema-graph\">{\"@context\":\"https:\\\/\\\/schema.org\",\"@graph\":[{\"@type\":\"WebPage\",\"@id\":\"https:\\\/\\\/www.club-ateliers-artistes.com\\\/?page_id=1942\",\"url\":\"https:\\\/\\\/www.club-ateliers-artistes.com\\\/?page_id=1942\",\"name\":\"Ils ont vendu gr\u00e2ce au Club des Ateliers d'Artistes - Le Club des Ateliers d&#039;artistes\",\"isPartOf\":{\"@id\":\"https:\\\/\\\/www.club-ateliers-artistes.com\\\/#website\"},\"datePublished\":\"2017-09-03T10:48:02+00:00\",\"dateModified\":\"2024-09-19T08:28:31+00:00\",\"breadcrumb\":{\"@id\":\"https:\\\/\\\/www.club-ateliers-artistes.com\\\/?page_id=1942#breadcrumb\"},\"inLanguage\":\"fr-FR\",\"potentialAction\":[{\"@type\":\"ReadAction\",\"target\":[\"https:\\\/\\\/www.club-ateliers-artistes.com\\\/?page_id=1942\"]}]},{\"@type\":\"BreadcrumbList\",\"@id\":\"https:\\\/\\\/www.club-ateliers-artistes.com\\\/?page_id=1942#breadcrumb\",\"itemListElement\":[{\"@type\":\"ListItem\",\"position\":1,\"name\":\"Accueil\",\"item\":\"https:\\\/\\\/www.club-ateliers-artistes.com\\\/\"},{\"@type\":\"ListItem\",\"position\":2,\"name\":\"Ils ont vendu gr\u00e2ce au Club des Ateliers d&rsquo;Artistes\"}]},{\"@type\":\"WebSite\",\"@id\":\"https:\\\/\\\/www.club-ateliers-artistes.com\\\/#website\",\"url\":\"https:\\\/\\\/www.club-ateliers-artistes.com\\\/\",\"name\":\"Le Club des Ateliers d&#039;artistes\",\"description\":\"Les Expositions Abordables\",\"potentialAction\":[{\"@type\":\"SearchAction\",\"target\":{\"@type\":\"EntryPoint\",\"urlTemplate\":\"https:\\\/\\\/www.club-ateliers-artistes.com\\\/?s={search_term_string}\"},\"query-input\":{\"@type\":\"PropertyValueSpecification\",\"valueRequired\":true,\"valueName\":\"search_term_string\"}}],\"inLanguage\":\"fr-FR\"}]}<\/script>\n<!-- \/ Yoast SEO plugin. -->","yoast_head_json":{"title":"Ils ont vendu gr\u00e2ce au Club des Ateliers d'Artistes - Le Club des Ateliers d&#039;artistes","robots":{"index":"index","follow":"follow","max-snippet":"max-snippet:-1","max-image-preview":"max-image-preview:large","max-video-preview":"max-video-preview:-1"},"canonical":"https:\/\/www.club-ateliers-artistes.com\/?page_id=1942","og_locale":"fr_FR","og_type":"article","og_title":"Ils ont vendu gr\u00e2ce au Club des Ateliers d'Artistes - Le Club des Ateliers d&#039;artistes","og_description":"Une exposition est l&rsquo;occasion pour un artiste de confronter son travail au regard du public. Nous mettons un soin particulier \u00e0 recueillir le sentiment et les \u00e9motions des visiteurs pour vous en faire un rapport en fin d&rsquo;exposition. Et bien &hellip; Continuer la lecture &rarr;","og_url":"https:\/\/www.club-ateliers-artistes.com\/?page_id=1942","og_site_name":"Le Club des Ateliers d&#039;artistes","article_modified_time":"2024-09-19T08:28:31+00:00","twitter_card":"summary_large_image","twitter_misc":{"Dur\u00e9e de lecture estim\u00e9e":"4 minutes"},"schema":{"@context":"https:\/\/schema.org","@graph":[{"@type":"WebPage","@id":"https:\/\/www.club-ateliers-artistes.com\/?page_id=1942","url":"https:\/\/www.club-ateliers-artistes.com\/?page_id=1942","name":"Ils ont vendu gr\u00e2ce au Club des Ateliers d'Artistes - Le Club des Ateliers d&#039;artistes","isPartOf":{"@id":"https:\/\/www.club-ateliers-artistes.com\/#website"},"datePublished":"2017-09-03T10:48:02+00:00","dateModified":"2024-09-19T08:28:31+00:00","breadcrumb":{"@id":"https:\/\/www.club-ateliers-artistes.com\/?page_id=1942#breadcrumb"},"inLanguage":"fr-FR","potentialAction":[{"@type":"ReadAction","target":["https:\/\/www.club-ateliers-artistes.com\/?page_id=1942"]}]},{"@type":"BreadcrumbList","@id":"https:\/\/www.club-ateliers-artistes.com\/?page_id=1942#breadcrumb","itemListElement":[{"@type":"ListItem","position":1,"name":"Accueil","item":"https:\/\/www.club-ateliers-artistes.com\/"},{"@type":"ListItem","position":2,"name":"Ils ont vendu gr\u00e2ce au Club des Ateliers d&rsquo;Artistes"}]},{"@type":"WebSite","@id":"https:\/\/www.club-ateliers-artistes.com\/#website","url":"https:\/\/www.club-ateliers-artistes.com\/","name":"Le Club des Ateliers d&#039;artistes","description":"Les Expositions Abordables","potentialAction":[{"@type":"SearchAction","target":{"@type":"EntryPoint","urlTemplate":"https:\/\/www.club-ateliers-artistes.com\/?s={search_term_string}"},"query-input":{"@type":"PropertyValueSpecification","valueRequired":true,"valueName":"search_term_string"}}],"inLanguage":"fr-FR"}]}},"_links":{"self":[{"href":"https:\/\/www.club-ateliers-artistes.com\/index.php?rest_route=\/wp\/v2\/pages\/1942","targetHints":{"allow":["GET"]}}],"collection":[{"href":"https:\/\/www.club-ateliers-artistes.com\/index.php?rest_route=\/wp\/v2\/pages"}],"about":[{"href":"https:\/\/www.club-ateliers-artistes.com\/index.php?rest_route=\/wp\/v2\/types\/page"}],"author":[{"embeddable":true,"href":"https:\/\/www.club-ateliers-artistes.com\/index.php?rest_route=\/wp\/v2\/users\/5"}],"replies":[{"embeddable":true,"href":"https:\/\/www.club-ateliers-artistes.com\/index.php?rest_route=%2Fwp%2Fv2%2Fcomments&post=1942"}],"version-history":[{"count":54,"href":"https:\/\/www.club-ateliers-artistes.com\/index.php?rest_route=\/wp\/v2\/pages\/1942\/revisions"}],"predecessor-version":[{"id":2718,"href":"https:\/\/www.club-ateliers-artistes.com\/index.php?rest_route=\/wp\/v2\/pages\/1942\/revisions\/2718"}],"wp:attachment":[{"href":"https:\/\/www.club-ateliers-artistes.com\/index.php?rest_route=%2Fwp%2Fv2%2Fmedia&parent=1942"}],"curies":[{"name":"wp","href":"https:\/\/api.w.org\/{rel}","templated":true}]}}