{"id":1365,"date":"2017-01-10T15:07:25","date_gmt":"2017-01-10T14:07:25","guid":{"rendered":"http:\/\/www.club-ateliers-artistes.com\/?page_id=1365"},"modified":"2018-09-12T14:03:33","modified_gmt":"2018-09-12T13:03:33","slug":"concept-store-gallery-centre-dart-contemporain-de-la-baule","status":"publish","type":"page","link":"https:\/\/www.club-ateliers-artistes.com\/?page_id=1365","title":{"rendered":"Concept Store Gallery &#8211; Centre d&rsquo;Art de la Baule"},"content":{"rendered":"<p style=\"text-align: justify;\">Inaugur\u00e9 le 1er avril 2017, Le Concept Store Gallery\u00a0est situ\u00e9 dans l\u2019avenue Charles de Gaulle qui est la grande art\u00e8re commer\u00e7ante de la Baule. Aucune personne ne peut visiter ou r\u00e9sider \u00e0 la Baule sans passer par cette avenue plusieurs fois pendant son s\u00e9jour, car c\u2019est dans cette art\u00e8re que ce trouvent les grandes enseignes et les commerces principaux.<\/p>\n<p style=\"text-align: justify;\">Avec un total de 38.300 visiteurs et 128 ventes enregistr\u00e9es sur la premi\u00e8re ann\u00e9e d&rsquo;exploitation, nous sommes particuli\u00e8rement satisfaits du choix de ce lieu pour notre premi\u00e8re galerie install\u00e9e en province.<br \/>\n<span style=\"color: #ff0000;\"><br \/>\n<img loading=\"lazy\" decoding=\"async\" class=\"aligncenter size-full wp-image-1574\" src=\"https:\/\/www.club-ateliers-artistes.com\/wp-content\/uploads\/2017\/01\/CSG-LABAULE-170331-8321.jpg\" alt=\"\" width=\"687\" height=\"413\" srcset=\"https:\/\/www.club-ateliers-artistes.com\/wp-content\/uploads\/2017\/01\/CSG-LABAULE-170331-8321.jpg 687w, https:\/\/www.club-ateliers-artistes.com\/wp-content\/uploads\/2017\/01\/CSG-LABAULE-170331-8321-300x180.jpg 300w\" sizes=\"auto, (max-width: 687px) 100vw, 687px\" \/><img loading=\"lazy\" decoding=\"async\" class=\"aligncenter size-full wp-image-1575\" src=\"https:\/\/www.club-ateliers-artistes.com\/wp-content\/uploads\/2017\/01\/GalerieLaBaule.jpg\" alt=\"\" width=\"683\" height=\"168\" srcset=\"https:\/\/www.club-ateliers-artistes.com\/wp-content\/uploads\/2017\/01\/GalerieLaBaule.jpg 683w, https:\/\/www.club-ateliers-artistes.com\/wp-content\/uploads\/2017\/01\/GalerieLaBaule-300x74.jpg 300w\" sizes=\"auto, (max-width: 683px) 100vw, 683px\" \/><\/span><\/p>\n<p style=\"text-align: justify;\">Le mod\u00e8le \u00e9conomique est bas\u00e9 sur un partage des risques entre la Galerie et les Artistes. Un comit\u00e9 de pilotage regroupant 12 artistes a \u00e9t\u00e9 mis en place pour garantir la plus grande transparence possible dans notre fonctionnement.\u00a0<span style=\"color: #ff0000;\"><a style=\"color: #ff0000;\" href=\"https:\/\/www.club-ateliers-artistes.com\/?page_id=1775\">En savoir plus&#8230;<\/a><\/span><\/p>\n<h3 style=\"text-align: justify;\"><strong>Pour recevoir un dossier d&rsquo;informations ainsi que les conditions\u00a0d&rsquo;inscription pour exposer, merci de remplir le formulaire ci-dessous.<\/strong><\/h3>\n<p style=\"text-align: center;\">\n<!-- iframe plugin v.6.0 wordpress.org\/plugins\/iframe\/ -->\n<iframe loading=\"lazy\" width=\"600\" height=\"560\" src=\"https:\/\/www.club-ateliers-artistes.com\/forms\/form_LaBaule.htm\" scrolling=\"yes\" class=\"iframe-class\" frameborder=\"0\"><\/iframe>\n<\/p>\n<p style=\"text-align: center;\"><a href=\"http:\/\/www.centre-artcontemporain-labaule.com\/\">admin<\/a><\/p>\n","protected":false},"excerpt":{"rendered":"<p>Inaugur\u00e9 le 1er avril 2017, Le Concept Store Gallery\u00a0est situ\u00e9 dans l\u2019avenue Charles de Gaulle qui est la grande art\u00e8re commer\u00e7ante de la Baule. Aucune personne ne peut visiter ou r\u00e9sider \u00e0 la Baule sans passer par cette avenue plusieurs &hellip; <a href=\"https:\/\/www.club-ateliers-artistes.com\/?page_id=1365\">Continuer la lecture <span class=\"meta-nav\">&rarr;<\/span><\/a><\/p>\n","protected":false},"author":5,"featured_media":0,"parent":0,"menu_order":0,"comment_status":"closed","ping_status":"closed","template":"","meta":{"footnotes":""},"class_list":["post-1365","page","type-page","status-publish","hentry"],"yoast_head":"<!-- This site is optimized with the Yoast SEO plugin v27.3 - https:\/\/yoast.com\/product\/yoast-seo-wordpress\/ -->\n<title>Concept Store Gallery - Centre d&#039;Art de la Baule - Le Club des Ateliers d&#039;artistes<\/title>\n<meta name=\"robots\" content=\"index, follow, max-snippet:-1, max-image-preview:large, max-video-preview:-1\" \/>\n<link rel=\"canonical\" href=\"https:\/\/www.club-ateliers-artistes.com\/?page_id=1365\" \/>\n<meta property=\"og:locale\" content=\"fr_FR\" \/>\n<meta property=\"og:type\" content=\"article\" \/>\n<meta property=\"og:title\" content=\"Concept Store Gallery - Centre d&#039;Art de la Baule - Le Club des Ateliers d&#039;artistes\" \/>\n<meta property=\"og:description\" content=\"Inaugur\u00e9 le 1er avril 2017, Le Concept Store Gallery\u00a0est situ\u00e9 dans l\u2019avenue Charles de Gaulle qui est la grande art\u00e8re commer\u00e7ante de la Baule. Aucune personne ne peut visiter ou r\u00e9sider \u00e0 la Baule sans passer par cette avenue plusieurs &hellip; Continuer la lecture &rarr;\" \/>\n<meta property=\"og:url\" content=\"https:\/\/www.club-ateliers-artistes.com\/?page_id=1365\" \/>\n<meta property=\"og:site_name\" content=\"Le Club des Ateliers d&#039;artistes\" \/>\n<meta property=\"article:modified_time\" content=\"2018-09-12T13:03:33+00:00\" \/>\n<meta property=\"og:image\" content=\"https:\/\/www.club-ateliers-artistes.com\/wp-content\/uploads\/2017\/01\/CSG-LABAULE-170331-8321.jpg\" \/>\n<meta name=\"twitter:card\" content=\"summary_large_image\" \/>\n<meta name=\"twitter:label1\" content=\"Dur\u00e9e de lecture estim\u00e9e\" \/>\n\t<meta name=\"twitter:data1\" content=\"1 minute\" \/>\n<script type=\"application\/ld+json\" class=\"yoast-schema-graph\">{\"@context\":\"https:\\\/\\\/schema.org\",\"@graph\":[{\"@type\":\"WebPage\",\"@id\":\"https:\\\/\\\/www.club-ateliers-artistes.com\\\/?page_id=1365\",\"url\":\"https:\\\/\\\/www.club-ateliers-artistes.com\\\/?page_id=1365\",\"name\":\"Concept Store Gallery - Centre d'Art de la Baule - Le Club des Ateliers d&#039;artistes\",\"isPartOf\":{\"@id\":\"https:\\\/\\\/www.club-ateliers-artistes.com\\\/#website\"},\"primaryImageOfPage\":{\"@id\":\"https:\\\/\\\/www.club-ateliers-artistes.com\\\/?page_id=1365#primaryimage\"},\"image\":{\"@id\":\"https:\\\/\\\/www.club-ateliers-artistes.com\\\/?page_id=1365#primaryimage\"},\"thumbnailUrl\":\"https:\\\/\\\/www.club-ateliers-artistes.com\\\/wp-content\\\/uploads\\\/2017\\\/01\\\/CSG-LABAULE-170331-8321.jpg\",\"datePublished\":\"2017-01-10T14:07:25+00:00\",\"dateModified\":\"2018-09-12T13:03:33+00:00\",\"breadcrumb\":{\"@id\":\"https:\\\/\\\/www.club-ateliers-artistes.com\\\/?page_id=1365#breadcrumb\"},\"inLanguage\":\"fr-FR\",\"potentialAction\":[{\"@type\":\"ReadAction\",\"target\":[\"https:\\\/\\\/www.club-ateliers-artistes.com\\\/?page_id=1365\"]}]},{\"@type\":\"ImageObject\",\"inLanguage\":\"fr-FR\",\"@id\":\"https:\\\/\\\/www.club-ateliers-artistes.com\\\/?page_id=1365#primaryimage\",\"url\":\"https:\\\/\\\/www.club-ateliers-artistes.com\\\/wp-content\\\/uploads\\\/2017\\\/01\\\/CSG-LABAULE-170331-8321.jpg\",\"contentUrl\":\"https:\\\/\\\/www.club-ateliers-artistes.com\\\/wp-content\\\/uploads\\\/2017\\\/01\\\/CSG-LABAULE-170331-8321.jpg\",\"width\":687,\"height\":413},{\"@type\":\"BreadcrumbList\",\"@id\":\"https:\\\/\\\/www.club-ateliers-artistes.com\\\/?page_id=1365#breadcrumb\",\"itemListElement\":[{\"@type\":\"ListItem\",\"position\":1,\"name\":\"Accueil\",\"item\":\"https:\\\/\\\/www.club-ateliers-artistes.com\\\/\"},{\"@type\":\"ListItem\",\"position\":2,\"name\":\"Concept Store Gallery &#8211; Centre d&rsquo;Art de la Baule\"}]},{\"@type\":\"WebSite\",\"@id\":\"https:\\\/\\\/www.club-ateliers-artistes.com\\\/#website\",\"url\":\"https:\\\/\\\/www.club-ateliers-artistes.com\\\/\",\"name\":\"Le Club des Ateliers d&#039;artistes\",\"description\":\"Les Expositions Abordables\",\"potentialAction\":[{\"@type\":\"SearchAction\",\"target\":{\"@type\":\"EntryPoint\",\"urlTemplate\":\"https:\\\/\\\/www.club-ateliers-artistes.com\\\/?s={search_term_string}\"},\"query-input\":{\"@type\":\"PropertyValueSpecification\",\"valueRequired\":true,\"valueName\":\"search_term_string\"}}],\"inLanguage\":\"fr-FR\"}]}<\/script>\n<!-- \/ Yoast SEO plugin. -->","yoast_head_json":{"title":"Concept Store Gallery - Centre d'Art de la Baule - Le Club des Ateliers d&#039;artistes","robots":{"index":"index","follow":"follow","max-snippet":"max-snippet:-1","max-image-preview":"max-image-preview:large","max-video-preview":"max-video-preview:-1"},"canonical":"https:\/\/www.club-ateliers-artistes.com\/?page_id=1365","og_locale":"fr_FR","og_type":"article","og_title":"Concept Store Gallery - Centre d'Art de la Baule - Le Club des Ateliers d&#039;artistes","og_description":"Inaugur\u00e9 le 1er avril 2017, Le Concept Store Gallery\u00a0est situ\u00e9 dans l\u2019avenue Charles de Gaulle qui est la grande art\u00e8re commer\u00e7ante de la Baule. Aucune personne ne peut visiter ou r\u00e9sider \u00e0 la Baule sans passer par cette avenue plusieurs &hellip; Continuer la lecture &rarr;","og_url":"https:\/\/www.club-ateliers-artistes.com\/?page_id=1365","og_site_name":"Le Club des Ateliers d&#039;artistes","article_modified_time":"2018-09-12T13:03:33+00:00","og_image":[{"url":"https:\/\/www.club-ateliers-artistes.com\/wp-content\/uploads\/2017\/01\/CSG-LABAULE-170331-8321.jpg","type":"","width":"","height":""}],"twitter_card":"summary_large_image","twitter_misc":{"Dur\u00e9e de lecture estim\u00e9e":"1 minute"},"schema":{"@context":"https:\/\/schema.org","@graph":[{"@type":"WebPage","@id":"https:\/\/www.club-ateliers-artistes.com\/?page_id=1365","url":"https:\/\/www.club-ateliers-artistes.com\/?page_id=1365","name":"Concept Store Gallery - Centre d'Art de la Baule - Le Club des Ateliers d&#039;artistes","isPartOf":{"@id":"https:\/\/www.club-ateliers-artistes.com\/#website"},"primaryImageOfPage":{"@id":"https:\/\/www.club-ateliers-artistes.com\/?page_id=1365#primaryimage"},"image":{"@id":"https:\/\/www.club-ateliers-artistes.com\/?page_id=1365#primaryimage"},"thumbnailUrl":"https:\/\/www.club-ateliers-artistes.com\/wp-content\/uploads\/2017\/01\/CSG-LABAULE-170331-8321.jpg","datePublished":"2017-01-10T14:07:25+00:00","dateModified":"2018-09-12T13:03:33+00:00","breadcrumb":{"@id":"https:\/\/www.club-ateliers-artistes.com\/?page_id=1365#breadcrumb"},"inLanguage":"fr-FR","potentialAction":[{"@type":"ReadAction","target":["https:\/\/www.club-ateliers-artistes.com\/?page_id=1365"]}]},{"@type":"ImageObject","inLanguage":"fr-FR","@id":"https:\/\/www.club-ateliers-artistes.com\/?page_id=1365#primaryimage","url":"https:\/\/www.club-ateliers-artistes.com\/wp-content\/uploads\/2017\/01\/CSG-LABAULE-170331-8321.jpg","contentUrl":"https:\/\/www.club-ateliers-artistes.com\/wp-content\/uploads\/2017\/01\/CSG-LABAULE-170331-8321.jpg","width":687,"height":413},{"@type":"BreadcrumbList","@id":"https:\/\/www.club-ateliers-artistes.com\/?page_id=1365#breadcrumb","itemListElement":[{"@type":"ListItem","position":1,"name":"Accueil","item":"https:\/\/www.club-ateliers-artistes.com\/"},{"@type":"ListItem","position":2,"name":"Concept Store Gallery &#8211; Centre d&rsquo;Art de la Baule"}]},{"@type":"WebSite","@id":"https:\/\/www.club-ateliers-artistes.com\/#website","url":"https:\/\/www.club-ateliers-artistes.com\/","name":"Le Club des Ateliers d&#039;artistes","description":"Les Expositions Abordables","potentialAction":[{"@type":"SearchAction","target":{"@type":"EntryPoint","urlTemplate":"https:\/\/www.club-ateliers-artistes.com\/?s={search_term_string}"},"query-input":{"@type":"PropertyValueSpecification","valueRequired":true,"valueName":"search_term_string"}}],"inLanguage":"fr-FR"}]}},"_links":{"self":[{"href":"https:\/\/www.club-ateliers-artistes.com\/index.php?rest_route=\/wp\/v2\/pages\/1365","targetHints":{"allow":["GET"]}}],"collection":[{"href":"https:\/\/www.club-ateliers-artistes.com\/index.php?rest_route=\/wp\/v2\/pages"}],"about":[{"href":"https:\/\/www.club-ateliers-artistes.com\/index.php?rest_route=\/wp\/v2\/types\/page"}],"author":[{"embeddable":true,"href":"https:\/\/www.club-ateliers-artistes.com\/index.php?rest_route=\/wp\/v2\/users\/5"}],"replies":[{"embeddable":true,"href":"https:\/\/www.club-ateliers-artistes.com\/index.php?rest_route=%2Fwp%2Fv2%2Fcomments&post=1365"}],"version-history":[{"count":26,"href":"https:\/\/www.club-ateliers-artistes.com\/index.php?rest_route=\/wp\/v2\/pages\/1365\/revisions"}],"predecessor-version":[{"id":2340,"href":"https:\/\/www.club-ateliers-artistes.com\/index.php?rest_route=\/wp\/v2\/pages\/1365\/revisions\/2340"}],"wp:attachment":[{"href":"https:\/\/www.club-ateliers-artistes.com\/index.php?rest_route=%2Fwp%2Fv2%2Fmedia&parent=1365"}],"curies":[{"name":"wp","href":"https:\/\/api.w.org\/{rel}","templated":true}]}}